{"id":545,"date":"2021-04-08T12:11:10","date_gmt":"2021-04-08T10:11:10","guid":{"rendered":"https:\/\/stauss.ch\/wordpress\/?page_id=545"},"modified":"2022-04-24T21:11:42","modified_gmt":"2022-04-24T19:11:42","slug":"buch","status":"publish","type":"page","link":"https:\/\/stauss.ch\/en\/buch\/","title":{"rendered":"BOOK"},"content":{"rendered":"<p class=\"has-large-font-size\">\u00abFoto: Niklaus Stauss. On the road with the camera since 1950\u00bb<\/p>\n\n\n\n<div class=\"wp-block-group\"><div class=\"wp-block-group__inner-container is-layout-flow wp-block-group-is-layout-flow\">\n<p class=\"has-medium-font-size\"><strong>Editor <\/strong>\u00bb Barbara Stauss<br><strong>Publisher<\/strong> \u00bb Edition Patrick Frey, 2018<br><strong>Designer<\/strong> \u00bb Hanna Williamson-Koller<br><strong>With comments from<\/strong> \u00bb Zora del Buono and Hans-Michael Koetzle<\/p>\n\n\n\n<p class=\"has-medium-font-size\">This book presents an overview of his photographic work as well as a very personal record of the Swiss and European arts scene of the past sixty years. <\/p>\n\n\n\n<p class=\"has-medium-font-size\">Edited by Barbara Stauss, it\u2019s also a daughter\u2019s tribute to her father on his 80th birthday.<\/p>\n\n\n\n<p class=\"has-medium-font-size\">\u00bb <a rel=\"noreferrer noopener\" href=\"https:\/\/www.editionpatrickfrey.com\/de\/books\/foto-niklaus-stauss-barbara-stauss\" data-type=\"URL\" data-id=\"https:\/\/www.editionpatrickfrey.com\/de\/books\/foto-niklaus-stauss-barbara-stauss\" target=\"_blank\">Order the book from my publisher<\/a><br>\u00bb <a href=\"mailto:foto@stauss.ch\" data-type=\"mailto\" data-id=\"mailto:foto@stauss.ch\" target=\"_blank\" rel=\"noreferrer noopener\">Order and pick up a signed copy of the book<\/a> <\/p>\n\n\n\n<p><\/p>\n<\/div><\/div>\n\n\n\n<figure class=\"wp-block-image size-full\"><img loading=\"lazy\" decoding=\"async\" width=\"640\" height=\"976\" src=\"https:\/\/stauss.ch\/wp-content\/uploads\/2021\/10\/Buch_Mosaik_01_cover.jpg\" alt=\"\" class=\"wp-image-9360\"\/><\/figure>\n\n\n\n<figure class=\"wp-block-image size-full\"><img loading=\"lazy\" decoding=\"async\" width=\"2395\" height=\"2560\" src=\"https:\/\/stauss.ch\/wp-content\/uploads\/2021\/04\/Buch_Mosaik_01-scaled.jpg\" alt=\"\" class=\"wp-image-7094\" srcset=\"https:\/\/stauss.ch\/wp-content\/uploads\/2021\/04\/Buch_Mosaik_01-scaled.jpg 2395w, https:\/\/stauss.ch\/wp-content\/uploads\/2021\/04\/Buch_Mosaik_01-1437x1536.jpg 1437w, https:\/\/stauss.ch\/wp-content\/uploads\/2021\/04\/Buch_Mosaik_01-1916x2048.jpg 1916w\" sizes=\"auto, (max-width: 767px) 89vw, (max-width: 1000px) 54vw, (max-width: 1071px) 543px, 580px\" \/><\/figure>","protected":false},"excerpt":{"rendered":"<p>\u00abFoto: Niklaus Stauss. Mit der Kamera unterwegs seit 1950\u00bb Herausgeberin \u00bb Barbara StaussVerleger \u00bb Edition Patrick Frey, 2018Designerin \u00bb Hanna Williamson-KollerMit Texten von \u00bb Zora del Buono und Hans-Michael Koetzle Das Buch liefert einen \u00dcberblick \u00fcber das Schaffen des Fotografen, ist aber auch eine sehr pers\u00f6nliche Dokumentation der Schweizer und europ\u00e4ischen Kulturszene der letzten sechzig &hellip; <\/p>\n<p class=\"link-more\"><a href=\"https:\/\/stauss.ch\/en\/buch\/\" class=\"more-link\">Continue reading<span class=\"screen-reader-text\"> &#171;BUCH&#187;<\/span><\/a><\/p>","protected":false},"author":2,"featured_media":0,"parent":0,"menu_order":0,"comment_status":"closed","ping_status":"closed","template":"","meta":{"footnotes":""},"class_list":["post-545","page","type-page","status-publish","hentry"],"_links":{"self":[{"href":"https:\/\/stauss.ch\/en\/wp-json\/wp\/v2\/pages\/545","targetHints":{"allow":["GET"]}}],"collection":[{"href":"https:\/\/stauss.ch\/en\/wp-json\/wp\/v2\/pages"}],"about":[{"href":"https:\/\/stauss.ch\/en\/wp-json\/wp\/v2\/types\/page"}],"author":[{"embeddable":true,"href":"https:\/\/stauss.ch\/en\/wp-json\/wp\/v2\/users\/2"}],"replies":[{"embeddable":true,"href":"https:\/\/stauss.ch\/en\/wp-json\/wp\/v2\/comments?post=545"}],"version-history":[{"count":0,"href":"https:\/\/stauss.ch\/en\/wp-json\/wp\/v2\/pages\/545\/revisions"}],"wp:attachment":[{"href":"https:\/\/stauss.ch\/en\/wp-json\/wp\/v2\/media?parent=545"}],"curies":[{"name":"wp","href":"https:\/\/api.w.org\/{rel}","templated":true}]}}

<p>«Foto: Niklaus Stauss. Mit der Kamera unterwegs seit 1950» Herausgeberin » Barbara StaussVerleger » Edition Patrick Frey, 2018Designerin » Hanna Williamson-KollerMit Texten von » Zora del Buono und Hans-Michael Koetzle Das Buch liefert einen Überblick über das Schaffen des Fotografen, ist aber auch eine sehr persönliche Dokumentation der Schweizer und europäischen Kulturszene der letzten sechzig &hellip; </p>
<p class="link-more"><a href="https://stauss.ch/en/buch/" class="more-link">Continue reading<span class="screen-reader-text"> &#171;BUCH&#187;</span></a></p>
