{"id":9113,"date":"2021-11-05T01:18:02","date_gmt":"2021-11-05T00:18:02","guid":{"rendered":"https:\/\/stauss.ch\/?page_id=9113"},"modified":"2025-10-09T20:15:03","modified_gmt":"2025-10-09T18:15:03","slug":"impressum","status":"publish","type":"page","link":"https:\/\/stauss.ch\/en\/impressum\/","title":{"rendered":"IMPRESSUM \/ DISCLAIMER"},"content":{"rendered":"<h2 class=\"wp-block-heading has-large-font-size\">Datenschutzerkl\u00e4rung<\/h2>\n\n\n\n<p class=\"has-medium-font-size\">Verantwortliche Stelle im Sinne der <a rel=\"noreferrer noopener\" href=\"https:\/\/www.fedlex.admin.ch\/eli\/cc\/2022\/491\/de\" data-type=\"URL\" data-id=\"https:\/\/www.fedlex.admin.ch\/eli\/cc\/2022\/491\/de\" target=\"_blank\">Datenschutzgesetze<\/a>, insbesondere der <a href=\"https:\/\/www.edoeb.admin.ch\/edoeb\/de\/home\/datenschutz\/grundlagen\/rechtsgrundlagen-ds-international.html\" data-type=\"URL\" data-id=\"https:\/\/www.edoeb.admin.ch\/edoeb\/de\/home\/datenschutz\/grundlagen\/rechtsgrundlagen-ds-international.html\" target=\"_blank\" rel=\"noreferrer noopener\">EU-Datenschutzgrundverordnung<\/a> (DSGVO), ist:<br><br>PPK+K PRESSE PHOTO AGENTUR UND ARCHIV F\u00dcR KUNST + KULTUR<br>Niklaus Stauss<br>Predigerplatz 30\/32<br>8001 Z\u00fcrich<br>Switzerland<br><br>foto (at) stauss.ch<br>+41 44 251 08 08<br>https:\/\/stauss.ch<\/p>\n\n\n\n<h2 class=\"wp-block-heading has-large-font-size\">Umsetzung Website<\/h2>\n\n\n\n<p class=\"has-medium-font-size\">corbil (at) gmail.com<\/p>\n\n\n\n<p><\/p>\n\n\n\n<h2 class=\"wp-block-heading has-large-font-size\">Allgemeine Hinweise<\/h2>\n\n\n\n<p class=\"has-medium-font-size\">Gest\u00fctzt auf Artikel 13 der schweizerischen Bundesverfassung und den datenschutzrechtlichen Bestimmungen des Bundes (Datenschutzgesetz, DSG) hat jede Person Anspruch auf Schutz ihrer Privatsph\u00e4re sowie auf Schutz vor Missbrauch ihrer pers\u00f6nlichen Daten. Die Betreiber dieser Seiten nehmen den Schutz Ihrer pers\u00f6nlichen Daten sehr ernst. Deshalb erheben wir keine personenbezogenen Daten.<\/p>\n\n\n\n<p class=\"has-medium-font-size\">Wir weisen darauf hin, dass die Daten\u00fcbertragung im Internet (z.B. bei der Kommunikation per E-Mail) Sicherheitsl\u00fccken aufweisen kann. Ein l\u00fcckenloser Schutz der Daten vor dem Zugriff durch Dritte ist nicht m\u00f6glich.<\/p>\n\n\n\n<p class=\"has-medium-font-size\">Durch die Nutzung dieser Website erkl\u00e4ren Sie sich mit der Erhebung, Verarbeitung und Nutzung von Daten gem\u00e4ss der nachfolgenden Beschreibung einverstanden. Diese Website kann grunds\u00e4tzlich ohne Registrierung besucht werden. Dabei werden Daten wie beispielsweise aufgerufene Seiten bzw. Namen der abgerufenen Datei zu statistischen Zwecken auf dem Server gespeichert, ohne dass diese Daten unmittelbar auf Ihre Person bezogen werden. Personenbezogene Daten, insbesondere Name, Adresse oder E-Mail-Adresse werden nicht erhoben.<\/p>\n\n\n\n<p><\/p>\n\n\n\n<h2 class=\"wp-block-heading has-large-font-size\">Allgemeiner Haftungsausschluss<\/h2>\n\n\n\n<p class=\"has-medium-font-size\">Alle Angaben unseres Internetangebotes wurden sorgf\u00e4ltig gepr\u00fcft. Wir bem\u00fchen uns, unser Informationsangebot aktuell, inhaltlich richtig und vollst\u00e4ndig anzubieten. Trotzdem kann das Auftreten von Fehlern nicht v\u00f6llig ausgeschlossen werden, womit wir keine Garantie f\u00fcr Vollst\u00e4ndigkeit, Richtigkeit und Aktualit\u00e4t von Informationen auch journalistisch-redaktioneller Art \u00fcbernehmen k\u00f6nnen. Haftungsanspr\u00fcche aus Sch\u00e4den materieller oder ideeller Art, die durch die Nutzung der angebotenen Informationen verursacht wurden, sind ausgeschlossen.<\/p>\n\n\n\n<p class=\"has-medium-font-size\">The information contained in this website is for general information purposes only. The information is provided by PPK+K and while we endeavour to keep the information up to date and correct, we make no representations or warranties of any kind, express or implied, about the completeness, accuracy, reliability, suitability or availability with respect to the website or the information, products, services, or related graphics contained on the website for any purpose. Any reliance you place on such information is therefore strictly at your own risk.<\/p>\n\n\n\n<p class=\"has-medium-font-size\">Alle Angebote sind unverbindlich. Der Autor beh\u00e4lt es sich ausdr\u00fccklich vor, Teile der Seiten oder das gesamte Angebot ohne gesonderte Ank\u00fcndigung zu ver\u00e4ndern, zu erg\u00e4nzen, zu l\u00f6schen oder die Ver\u00f6ffentlichung zeitweise oder endg\u00fcltig einzustellen. Die Benutzung bzw. der Zugang zu dieser Website geschieht auf eigene Gefahr des Besuchers. Der Herausgeber, seine Auftraggeber oder Partner sind nicht verantwortlich f\u00fcr Sch\u00e4den, wie direkte, indirekte, zuf\u00e4llige, vorab konkret zu bestimmende oder Folgesch\u00e4den, die angeblich durch den Besuch dieser Website entstanden sind und \u00fcbernehmen hierf\u00fcr folglich keine Haftung.<\/p>\n\n\n\n<p class=\"has-medium-font-size\">Der Herausgeber \u00fcbernimmt ebenfalls keine Verantwortung und Haftung f\u00fcr die Inhalte und die Verf\u00fcgbarkeit von Website Dritter, die \u00fcber externe Links dieser Website erreichbar sind. F\u00fcr den Inhalt der verlinkten Seiten sind ausschliesslich deren Betreiber verantwortlich. Der Herausgeber distanziert sich damit ausdr\u00fccklich von allen Inhalten Dritter, die m\u00f6glicherweise straf- oder haftungsrechtlich relevant sind oder gegen die guten Sitten verstossen.<\/p>\n\n\n\n<p><\/p>\n\n\n\n<h2 class=\"wp-block-heading has-large-font-size\">Copyright<\/h2>\n\n\n\n<p class=\"has-medium-font-size\">Die Urheber- und alle anderen Rechte an Inhalten, Bildern, Fotos oder anderen Dateien auf der Website geh\u00f6ren ausschliesslich Stauss.ch oder den speziell genannten Rechtsinhabern. F\u00fcr die Reproduktion jeglicher Elemente ist die schriftliche Zustimmung der Urheberrechtstr\u00e4ger im Voraus einzuholen.<\/p>\n\n\n\n<p class=\"has-medium-font-size\">Wer ohne Einwilligung des jeweiligen Rechteinhabers eine Urheberrechtsverletzung begeht, kann sich strafbar und allenfalls schadenersatzpflichtig machen.<\/p>\n\n\n\n<p><\/p>\n\n\n\n<h2 class=\"wp-block-heading has-large-font-size\">Datenschutz<\/h2>\n\n\n\n<p class=\"has-medium-font-size\">Jede betroffene Person hat das Recht, vom Betreiber der Website eine Best\u00e4tigung dar\u00fcber zu verlangen, ob betroffene Personen betreffende, personenbezogene Daten verarbeitet werden. M\u00f6chten Sie dieses Best\u00e4tigungsrecht in Anspruch nehmen, k\u00f6nnen Sie sich hierzu jederzeit an den Datenschutzbeauftragten wenden.<\/p>\n\n\n\n<p class=\"has-medium-font-size\">Bitte beachten Sie, dass auf dieser Webseite werden weder Cookies noch personenbezogene Daten gesammelt werden.<\/p>\n\n\n\n<p><\/p>\n\n\n\n<h2 class=\"wp-block-heading has-large-font-size\">Datenschutzerkl\u00e4rung f\u00fcr Widerspruch Werbe-Mails<\/h2>\n\n\n\n<p class=\"has-medium-font-size\">Der Nutzung von im Rahmen der Impressumspflicht ver\u00f6ffentlichten Kontaktdaten zur \u00dcbersendung von nicht ausdr\u00fccklich angeforderter Werbung und Informationsmaterialien wird hiermit widersprochen. Die Betreiber der Seiten behalten sich ausdr\u00fccklich rechtliche Schritte im Falle der unverlangten Zusendung von Werbeinformationen, etwa durch Spam-E-Mails, vor.<\/p>\n\n\n\n<p><\/p>\n\n\n\n<h2 class=\"wp-block-heading has-large-font-size\">\u00c4nderungen<\/h2>\n\n\n\n<p class=\"has-medium-font-size\">Wir k\u00f6nnen diese Datenschutzerkl\u00e4rung jederzeit ohne Vorank\u00fcndigung anpassen. Es gilt die jeweils aktuelle, auf unserer Website publizierte Fassung.<\/p>\n\n\n\n<p><\/p>\n\n\n\n<h2 class=\"wp-block-heading has-large-font-size\">Fragen an den Datenschutzbeauftragten<\/h2>\n\n\n\n<p class=\"has-medium-font-size\">Wenn Sie Fragen zum Datenschutz haben, schreiben Sie uns bitte eine E-Mail oder wenden Sie sich direkt an die f\u00fcr den Datenschutz zu Beginn der Datenschutzerkl\u00e4rung aufgef\u00fchrten, verantwortlichen Person in unserer Organisation.<\/p>\n\n\n\n<p><\/p>\n\n\n\n<h2 class=\"wp-block-heading has-large-font-size\">\u00a9 2026, PPK+K, Niklaus Stauss<\/h2>\n\n\n\n<p><\/p>","protected":false},"excerpt":{"rendered":"<p>Datenschutzerkl\u00e4rung Verantwortliche Stelle im Sinne der Datenschutzgesetze, insbesondere der EU-Datenschutzgrundverordnung (DSGVO), ist: PPK+K PRESSE PHOTO AGENTUR UND ARCHIV F\u00dcR KUNST + KULTURNiklaus StaussPredigerplatz 30\/328001 Z\u00fcrichSchweiz foto (at) stauss.ch+41 44 251 08 08https:\/\/stauss.ch Umsetzung Website corbil (at) gmail.com Allgemeine Hinweise Gest\u00fctzt auf Artikel 13 der schweizerischen Bundesverfassung und den datenschutzrechtlichen Bestimmungen des Bundes (Datenschutzgesetz, DSG) hat &hellip; <\/p>\n<p class=\"link-more\"><a href=\"https:\/\/stauss.ch\/en\/impressum\/\" class=\"more-link\">Continue reading<span class=\"screen-reader-text\"> &#171;IMPRESSUM \/ DISCLAIMER&#187;<\/span><\/a><\/p>","protected":false},"author":2,"featured_media":0,"parent":0,"menu_order":0,"comment_status":"closed","ping_status":"closed","template":"","meta":{"footnotes":""},"class_list":["post-9113","page","type-page","status-publish","hentry"],"_links":{"self":[{"href":"https:\/\/stauss.ch\/en\/wp-json\/wp\/v2\/pages\/9113","targetHints":{"allow":["GET"]}}],"collection":[{"href":"https:\/\/stauss.ch\/en\/wp-json\/wp\/v2\/pages"}],"about":[{"href":"https:\/\/stauss.ch\/en\/wp-json\/wp\/v2\/types\/page"}],"author":[{"embeddable":true,"href":"https:\/\/stauss.ch\/en\/wp-json\/wp\/v2\/users\/2"}],"replies":[{"embeddable":true,"href":"https:\/\/stauss.ch\/en\/wp-json\/wp\/v2\/comments?post=9113"}],"version-history":[{"count":0,"href":"https:\/\/stauss.ch\/en\/wp-json\/wp\/v2\/pages\/9113\/revisions"}],"wp:attachment":[{"href":"https:\/\/stauss.ch\/en\/wp-json\/wp\/v2\/media?parent=9113"}],"curies":[{"name":"wp","href":"https:\/\/api.w.org\/{rel}","templated":true}]}}

<h2 class="wp-block-heading has-large-font-size">Datenschutzerklärung</h2>



<p class="has-medium-font-size">Verantwortliche Stelle im Sinne der <a rel="noreferrer noopener" href="https://www.fedlex.admin.ch/eli/cc/2022/491/de" data-type="URL" data-id="https://www.fedlex.admin.ch/eli/cc/2022/491/de" target="_blank">Datenschutzgesetze</a>, insbesondere der <a href="https://www.edoeb.admin.ch/edoeb/de/home/datenschutz/grundlagen/rechtsgrundlagen-ds-international.html" data-type="URL" data-id="https://www.edoeb.admin.ch/edoeb/de/home/datenschutz/grundlagen/rechtsgrundlagen-ds-international.html" target="_blank" rel="noreferrer noopener">EU-Datenschutzgrundverordnung</a> (DSGVO), ist:<br><br>PPK+K PRESSE PHOTO AGENTUR UND ARCHIV FÜR KUNST + KULTUR<br>Niklaus Stauss<br>Predigerplatz 30/32<br>8001 Zürich<br>Switzerland<br><br>foto (at) stauss.ch<br>+41 44 251 08 08<br>https://stauss.ch</p>



<h2 class="wp-block-heading has-large-font-size">Umsetzung Website</h2>



<p class="has-medium-font-size">corbil (at) gmail.com</p>



<p></p>



<h2 class="wp-block-heading has-large-font-size">Allgemeine Hinweise</h2>



<p class="has-medium-font-size">Gestützt auf Artikel 13 der schweizerischen Bundesverfassung und den datenschutzrechtlichen Bestimmungen des Bundes (Datenschutzgesetz, DSG) hat jede Person Anspruch auf Schutz ihrer Privatsphäre sowie auf Schutz vor Missbrauch ihrer persönlichen Daten. Die Betreiber dieser Seiten nehmen den Schutz Ihrer persönlichen Daten sehr ernst. Deshalb erheben wir keine personenbezogenen Daten.</p>



<p class="has-medium-font-size">Wir weisen darauf hin, dass die Datenübertragung im Internet (z.B. bei der Kommunikation per E-Mail) Sicherheitslücken aufweisen kann. Ein lückenloser Schutz der Daten vor dem Zugriff durch Dritte ist nicht möglich.</p>



<p class="has-medium-font-size">Durch die Nutzung dieser Website erklären Sie sich mit der Erhebung, Verarbeitung und Nutzung von Daten gemäss der nachfolgenden Beschreibung einverstanden. Diese Website kann grundsätzlich ohne Registrierung besucht werden. Dabei werden Daten wie beispielsweise aufgerufene Seiten bzw. Namen der abgerufenen Datei zu statistischen Zwecken auf dem Server gespeichert, ohne dass diese Daten unmittelbar auf Ihre Person bezogen werden. Personenbezogene Daten, insbesondere Name, Adresse oder E-Mail-Adresse werden nicht erhoben.</p>



<p></p>



<h2 class="wp-block-heading has-large-font-size">Allgemeiner Haftungsausschluss</h2>



<p class="has-medium-font-size">Alle Angaben unseres Internetangebotes wurden sorgfältig geprüft. Wir bemühen uns, unser Informationsangebot aktuell, inhaltlich richtig und vollständig anzubieten. Trotzdem kann das Auftreten von Fehlern nicht völlig ausgeschlossen werden, womit wir keine Garantie für Vollständigkeit, Richtigkeit und Aktualität von Informationen auch journalistisch-redaktioneller Art übernehmen können. Haftungsansprüche aus Schäden materieller oder ideeller Art, die durch die Nutzung der angebotenen Informationen verursacht wurden, sind ausgeschlossen.</p>



<p class="has-medium-font-size">The information contained in this website is for general information purposes only. The information is provided by PPK+K and while we endeavour to keep the information up to date and correct, we make no representations or warranties of any kind, express or implied, about the completeness, accuracy, reliability, suitability or availability with respect to the website or the information, products, services, or related graphics contained on the website for any purpose. Any reliance you place on such information is therefore strictly at your own risk.</p>



<p class="has-medium-font-size">Alle Angebote sind unverbindlich. Der Autor behält es sich ausdrücklich vor, Teile der Seiten oder das gesamte Angebot ohne gesonderte Ankündigung zu verändern, zu ergänzen, zu löschen oder die Veröffentlichung zeitweise oder endgültig einzustellen. Die Benutzung bzw. der Zugang zu dieser Website geschieht auf eigene Gefahr des Besuchers. Der Herausgeber, seine Auftraggeber oder Partner sind nicht verantwortlich für Schäden, wie direkte, indirekte, zufällige, vorab konkret zu bestimmende oder Folgeschäden, die angeblich durch den Besuch dieser Website entstanden sind und übernehmen hierfür folglich keine Haftung.</p>



<p class="has-medium-font-size">Der Herausgeber übernimmt ebenfalls keine Verantwortung und Haftung für die Inhalte und die Verfügbarkeit von Website Dritter, die über externe Links dieser Website erreichbar sind. Für den Inhalt der verlinkten Seiten sind ausschliesslich deren Betreiber verantwortlich. Der Herausgeber distanziert sich damit ausdrücklich von allen Inhalten Dritter, die möglicherweise straf- oder haftungsrechtlich relevant sind oder gegen die guten Sitten verstossen.</p>



<p></p>



<h2 class="wp-block-heading has-large-font-size">Copyright</h2>



<p class="has-medium-font-size">Die Urheber- und alle anderen Rechte an Inhalten, Bildern, Fotos oder anderen Dateien auf der Website gehören ausschliesslich Stauss.ch oder den speziell genannten Rechtsinhabern. Für die Reproduktion jeglicher Elemente ist die schriftliche Zustimmung der Urheberrechtsträger im Voraus einzuholen.</p>



<p class="has-medium-font-size">Wer ohne Einwilligung des jeweiligen Rechteinhabers eine Urheberrechtsverletzung begeht, kann sich strafbar und allenfalls schadenersatzpflichtig machen.</p>



<p></p>



<h2 class="wp-block-heading has-large-font-size">Datenschutz</h2>



<p class="has-medium-font-size">Jede betroffene Person hat das Recht, vom Betreiber der Website eine Bestätigung darüber zu verlangen, ob betroffene Personen betreffende, personenbezogene Daten verarbeitet werden. Möchten Sie dieses Bestätigungsrecht in Anspruch nehmen, können Sie sich hierzu jederzeit an den Datenschutzbeauftragten wenden.</p>



<p class="has-medium-font-size">Bitte beachten Sie, dass auf dieser Webseite werden weder Cookies noch personenbezogene Daten gesammelt werden.</p>



<p></p>



<h2 class="wp-block-heading has-large-font-size">Datenschutzerklärung für Widerspruch Werbe-Mails</h2>



<p class="has-medium-font-size">Der Nutzung von im Rahmen der Impressumspflicht veröffentlichten Kontaktdaten zur Übersendung von nicht ausdrücklich angeforderter Werbung und Informationsmaterialien wird hiermit widersprochen. Die Betreiber der Seiten behalten sich ausdrücklich rechtliche Schritte im Falle der unverlangten Zusendung von Werbeinformationen, etwa durch Spam-E-Mails, vor.</p>



<p></p>



<h2 class="wp-block-heading has-large-font-size">Änderungen</h2>



<p class="has-medium-font-size">Wir können diese Datenschutzerklärung jederzeit ohne Vorankündigung anpassen. Es gilt die jeweils aktuelle, auf unserer Website publizierte Fassung.</p>



<p></p>



<h2 class="wp-block-heading has-large-font-size">Fragen an den Datenschutzbeauftragten</h2>



<p class="has-medium-font-size">Wenn Sie Fragen zum Datenschutz haben, schreiben Sie uns bitte eine E-Mail oder wenden Sie sich direkt an die für den Datenschutz zu Beginn der Datenschutzerklärung aufgeführten, verantwortlichen Person in unserer Organisation.</p>



<p></p>



<h2 class="wp-block-heading has-large-font-size">© 2026, PPK+K, Niklaus Stauss</h2>



<p></p>

<p>Datenschutzerklärung Verantwortliche Stelle im Sinne der Datenschutzgesetze, insbesondere der EU-Datenschutzgrundverordnung (DSGVO), ist: PPK+K PRESSE PHOTO AGENTUR UND ARCHIV FÜR KUNST + KULTURNiklaus StaussPredigerplatz 30/328001 ZürichSchweiz foto (at) stauss.ch+41 44 251 08 08https://stauss.ch Umsetzung Website corbil (at) gmail.com Allgemeine Hinweise Gestützt auf Artikel 13 der schweizerischen Bundesverfassung und den datenschutzrechtlichen Bestimmungen des Bundes (Datenschutzgesetz, DSG) hat &hellip; </p>
<p class="link-more"><a href="https://stauss.ch/en/impressum/" class="more-link">Continue reading<span class="screen-reader-text"> &#171;IMPRESSUM / DISCLAIMER&#187;</span></a></p>
